-6*d**3 + 8*d**2 - 35*d - 83. Calculate the remainder when m(-9) is divided by 12.
10
Calculate the remainder when 5302 is divided by 29/((-29)/(-9)) + (45 - 2).
50
Let b = 312 - 132. Suppose -3*d + 85 = -74. What is the remainder when (-35)/(-5*6/b) is divided by d?
51
Let b = 558 - 483. What is the remainder when 105 is divided by b?
30
Calculate the remainder when (-96)/56*((-2)/(-6) + (-814)/6) is divided by 126.
106
Let a be (6 - 224/35)/(1/10). What is the remainder when 43 is divided by ((-36)/5)/(2/(-5)) - a?
21
Suppose 905 = 4*p - 179. Let i = 8069 - 8030. What is the remainder when p is divided by i?
37
Let b(o) = -o**2 - 114*o - 2345. What is the remainder when b(-29) is divided by 107?
13
Let s = -43 - -60. Let v = 321 + -258. What is the remainder when v is divided by s?
12
Suppose -r + j - 140 - 69 = 0, -623 = 3*r - j. Let d = r + 334. Let c(b) = -b**3 + 7*b**2 - 4*b + 1. Calculate the remainder when d is divided by c(4).
28
Suppose 120*c = 118*c + 382. Let w = c - 187. What is the remainder when w is divided by 2?
0
Suppose -6*q + 19214 = 5*q + 18994. Let l be (4/(-6))/((-2)/12). Suppose 2*m = h + 4*h - 289, h - 71 = -l*m. Calculate the remainder when h is divided by q.
19
Suppose w + 1 = -5*y + 4, -5*w + 15 = 2*y. Suppose 336 = -y*x + 3*x. Calculate the remainder when x is divided by 20 - (11 - (-14 - -19 - (-19 - -10))).
20
Suppose -5*g + j + 27 + 9 = 0, 3*g - 4*j - 25 = 0. Suppose g*l = -l. Suppose 0 = -y + 2, l + 5 = -h + 3*y. What is the remainder when 2 is divided by h?
0
Let o(w) = -29*w**3 - 12*w**2 + w. Calculate the remainder when o(-2) is divided by 39.
26
Let i = -91 - -84. Let r(u) = 4*u**2 + 13*u - 27. What is the remainder when 542 is divided by r(i)?
74
Let j be (-108)/252 - 2470/(-14). Let q = j - -492. Calculate the remainder when q is divided by 10.
8
Let n(m) = 28*m**2 - 22*m + 86. What is the remainder when n(11) is divided by 21?
19
Let i(y) = 11*y + 18. Let t(g) = -13*g - 18. Let d(m) = 6*i(m) + 5*t(m). Let k(a) = -a + 2. Let z be k(-7). What is the remainder when 52 is divided by d(z)?
25
Let a(x) = -57*x + 279. What is the remainder when 341 is divided by a(4)?
35
Let d = 2211 + -2193. Calculate the remainder when 4551 is divided by d.
15
Let c = 16762 - 15489. What is the remainder when 1276 is divided by c?
3
Let p = -1797 + 1997. What is the remainder when p is divided by 14?
4
Suppose -2*z + 9 + 4 = 5*i, 4*z = -3*i + 19. Suppose -4*w + 85 = 22*a - 25*a, -w = -z*a - 18. What is the remainder when 153 is divided by w?
21
Let r = -2146 + 2666. What is the remainder when r is divided by 39?
13
Let m(a) = -30*a**2 + 15*a + 30. Let y be m(-9). Let z be y/(-5) - (-2)/((-2)/3). Suppose -8*n = n - z. What is the remainder when n is divided by 29?
27
Let x(z) = z**2 - 51*z + 83. Let p be x(36). Let u = -425 - p. What is the remainder when 78 is divided by u?
14
Calculate the remainder when 350 is divided by (-168)/(-21 + 9) + 4.
8
Let i be (-1)/4 + (-1)/(-4). Suppose -3*m - m + 44 = i. Calculate the remainder when m is divided by ((-2975)/(-51) - 58)*6.
1
Let a = 61 + -65. Suppose -2*l = 29 - 119. Calculate the remainder when l is divided by 5/(-30) + a/(48/(-146)).
9
Calculate the remainder when 8/(-28) - (-21)/49*3853 is divided by 18.
13
Let r = -18417 + 24083. Calculate the remainder when r is divided by 189.
185
Let h(g) = 6*g**2 + 66*g + 3. Let n be h(-6). Let y = -107 - n. What is the remainder when 209 is divided by y?
69
What is the remainder when 823 is divided by (1240/16 + 2)*2 - 1?
33
Let s = -8094 + 8289. What is the remainder when s is divided by 122/6 + (-1)/3?
15
Let r be (207/15)/((-11)/(-55)). Suppose 0 = -7*s - 20 + r. Calculate the remainder when 52 is divided by s.
3
Let l be 4*(-4 + 1495/20). Let x = l + -197. Suppose 0 = x*h - 90*h + 164. What is the remainder when 79 is divided by h?
38
Let q = -114 + 129. Suppose 3*n = x - q, 3*n + 10 - 22 = 0. Calculate the remainder when x is divided by 10.
7
Let x be 8/12*(102 - 6). Let z be x/14 + (0 - (-15)/35). Suppose 4*s - 7 = z*c - 2, 12 = 4*c. Calculate the remainder when 16 is divided by s.
1
Let v = -1065 + 2924. Suppose 1145 = -6*m + v. Calculate the remainder when m is divided by 63.
56
Suppose 8*u - 3*u - 10*r - 1185 = 0, 5*u + 4*r = 1157. What is the remainder when 528 is divided by u?
62
Suppose -5*t - 60*o = -61*o + 56, -3*o = -2*t - 12. What is the remainder when 12 is divided by 360/105 + t/(-21)?
0
Suppose -l - 3*p + 306 = 0, 3*p - 1148 - 334 = -5*l. Suppose l = -36*q + 43*q. Calculate the remainder when 167 is divided by q.
41
Let p(x) = 5*x**2 + x - 1. Let y(g) = -14*g**2 - 3*g + 3. Let k(c) = 7*p(c) + 2*y(c). What is the remainder when (-55 - -27 - -102)/(1 - -1) is divided by k(1)?
2
Let b = 1287 - 847. Calculate the remainder when b is divided by 115.
95
Let r(g) = 5*g**3 - 12*g**2 + 24*g - 51. Calculate the remainder when r(4) is divided by 96.
77
Suppose 4*m = 5*m - 2*x - 39, -3*x = -5*m + 209. Suppose 23*n - 25*n = -224. What is the remainder when n is divided by m?
26
Suppose -3*t = -4*p - 90, -5*t + p = -0*p - 133. What is the remainder when ((-14)/(-10))/(152/6840) is divided by t?
11
Suppose -4*j + 24 = -j. Let t(r) = 29*r - 1. Let d be t(4). Suppose 3*w = -5*c + d, 3*w = -3*c + 7*c + 70. What is the remainder when w is divided by j?
6
Let z(b) = -b**3 - 10*b**2 - 8*b - 5. Let p be z(-7). Let y = p + 86. What is the remainder when (-5)/(y/4)*(-86)/(-4) is divided by 11?
10
Let k(w) = w**2 - 12*w + 13. Let s be k(10). Let x be (s - -7) + 260 + 0 + 0. What is the remainder when (9/18)/(1/x) is divided by 33?
31
Suppose 4*u = -4, -122*u - 205 = -5*v - 117*u. What is the remainder when 6838 is divided by v?
38
Suppose 43*k - 8*k = -18445. Let j = k - -557. Calculate the remainder when 55 is divided by j.
25
Suppose 0 = -11*o + 32*o - 189. Let q(s) = 2*s**2 + 10. Calculate the remainder when q(o) is divided by 35.
32
Let f(y) = y**2 + 198*y + 3290. What is the remainder when 80 is divided by f(-18)?
30
Let o be 2 + (-20)/(-9 - 1). Suppose 2*j = -8, -115*h + 111*h + o*j = -32. Calculate the remainder when 31 is divided by h.
3
Suppose 62 = 3*y + 80. What is the remainder when 268 is divided by (y/4 + 40/32)*-68?
13
Let y(l) = -2*l - 12. Let o = 48 + -54. Let d be y(o). Suppose d*x + 2*x = 3*n + 51, 0 = 5*x - n - 95. What is the remainder when 33 is divided by x?
15
Suppose -7*s = -162 - 104. Suppose w - 3*j = s, -7*w + 5*w = -2*j - 80. Let y(u) = u**2 + 5*u + 8. Calculate the remainder when w is divided by y(-7).
19
Let r be (-26)/52 - 11/2. Calculate the remainder when 43 is divided by 4 - 88/r - (-3)/9.
5
Let x = -263 - -447. Suppose -371*o - 66*o + 54*o + 8043 = 0. Calculate the remainder when x is divided by o.
16
Let v be (4/(-6))/((-3)/315). Suppose -4*l - 3*u + 68 = -u, -4*l - u + v = 0. Let k(i) = -35*i. Calculate the remainder when k(-1) is divided by l.
17
Let x = -239 + 243. Suppose -14*f = -17*f + 4*r + 125, 135 = x*f + r. What is the remainder when 312 is divided by f?
32
Let o = -209 - -343. Calculate the remainder when 1599 is divided by o.
125
Suppose 169*c = 2942 + 22722 - 1159. Calculate the remainder when c is divided by 127.
18
Suppose 7*w - 4*w + n = 366, 0 = -5*w + n + 602. Calculate the remainder when w is divided by 30.
1
Let z(g) = 2393*g - 14141. Let u(j) = j**2 + 2*j - 4. What is the remainder when z(6) is divided by u(6)?
41
Let i(u) = -2*u**2 - 22*u - 20*u + 19 + 44*u. Suppose -3*y = -11*y. What is the remainder when 92 is divided by i(y)?
16
Suppose 2*g = -o + 595, 497*g - 494*g = -24. Calculate the remainder when o is divided by 143.
39
Suppose 0 = 2*u - 78 - 10. Let j(n) = 2*n**2 - 2*n - 60. Let g be j(0). What is the remainder when u is divided by g/105 + (-134)/(-14)?
8
Let f(y) = -y**3 + 16*y**2 - 12*y - 33. Let u be f(15). Suppose u = -k + 4*k. What is the remainder when 14 is divided by k?
2
Let c = 30 + -15. Let j = -9 + c. Let f = 11119 + -11115. Calculate the remainder when j is divided by f.
2
Suppose 2 = 3*f - 10. Let a = 3342 - 3292. Calculate the remainder when a is divided by f.
2
Let p be 0/(5/(20/(-12))) + 0. Let a = 38 - 28. Suppose p = -l + 12 + a. Calculate the remainder when 64 is divided by l.
20
Let i(o) = 2*o**2 - 34 - 8*o - 39*o + 13*o. Calculate the remainder when 